{"id":6686,"date":"2023-03-08T14:17:05","date_gmt":"2023-03-08T17:17:05","guid":{"rendered":"https:\/\/funcabes.com.br\/convenios\/?page_id=6686"},"modified":"2023-03-08T16:01:18","modified_gmt":"2023-03-08T19:01:18","slug":"liberdade-sindical","status":"publish","type":"page","link":"https:\/\/funcabes.com.br\/convenios\/liberdade-sindical\/","title":{"rendered":"Liberdade Sindical"},"content":{"rendered":"\t\t<div data-elementor-type=\"wp-page\" data-elementor-id=\"6686\" class=\"elementor elementor-6686\">\n\t\t\t\t\t\t\t\t\t<section class=\"elementor-section elementor-top-section elementor-element elementor-element-0f2e214 elementor-section-stretched elementor-section-boxed elementor-section-height-default elementor-section-height-default\" data-id=\"0f2e214\" data-element_type=\"section\" data-settings=\"{&quot;stretch_section&quot;:&quot;section-stretched&quot;,&quot;background_background&quot;:&quot;classic&quot;}\">\n\t\t\t\t\t\t\t<div class=\"elementor-background-overlay\"><\/div>\n\t\t\t\t\t\t\t<div class=\"elementor-container elementor-column-gap-default\">\n\t\t\t\t\t<div class=\"elementor-column elementor-col-100 elementor-top-column elementor-element elementor-element-c8c5afc\" data-id=\"c8c5afc\" data-element_type=\"column\">\n\t\t\t<div class=\"elementor-widget-wrap elementor-element-populated\">\n\t\t\t\t\t\t\t\t<div class=\"elementor-element elementor-element-1fdb35b elementor-widget elementor-widget-heading\" data-id=\"1fdb35b\" data-element_type=\"widget\" data-widget_type=\"heading.default\">\n\t\t\t\t<div class=\"elementor-widget-container\">\n\t\t\t<style>\/*! elementor - v3.7.8 - 02-10-2022 *\/\n.elementor-heading-title{padding:0;margin:0;line-height:1}.elementor-widget-heading .elementor-heading-title[class*=elementor-size-]>a{color:inherit;font-size:inherit;line-height:inherit}.elementor-widget-heading .elementor-heading-title.elementor-size-small{font-size:15px}.elementor-widget-heading .elementor-heading-title.elementor-size-medium{font-size:19px}.elementor-widget-heading .elementor-heading-title.elementor-size-large{font-size:29px}.elementor-widget-heading .elementor-heading-title.elementor-size-xl{font-size:39px}.elementor-widget-heading .elementor-heading-title.elementor-size-xxl{font-size:59px}<\/style><h1 class=\"elementor-heading-title elementor-size-xxl\">Liberdade Sindical<\/h1>\t\t<\/div>\n\t\t\t\t<\/div>\n\t\t\t\t\t<\/div>\n\t\t<\/div>\n\t\t\t\t\t\t\t<\/div>\n\t\t<\/section>\n\t\t\t\t<section class=\"elementor-section elementor-top-section elementor-element elementor-element-61ff0d6 elementor-section-boxed elementor-section-height-default elementor-section-height-default\" data-id=\"61ff0d6\" data-element_type=\"section\">\n\t\t\t\t\t\t<div class=\"elementor-container elementor-column-gap-default\">\n\t\t\t\t\t<div class=\"elementor-column elementor-col-50 elementor-top-column elementor-element elementor-element-8c1bf7e\" data-id=\"8c1bf7e\" data-element_type=\"column\">\n\t\t\t<div class=\"elementor-widget-wrap elementor-element-populated\">\n\t\t\t\t\t\t\t\t<div class=\"elementor-element elementor-element-e705300 elementor-widget elementor-widget-text-editor\" data-id=\"e705300\" data-element_type=\"widget\" data-widget_type=\"text-editor.default\">\n\t\t\t\t<div class=\"elementor-widget-container\">\n\t\t\t<style>\/*! elementor - v3.7.8 - 02-10-2022 *\/\n.elementor-widget-text-editor.elementor-drop-cap-view-stacked .elementor-drop-cap{background-color:#818a91;color:#fff}.elementor-widget-text-editor.elementor-drop-cap-view-framed .elementor-drop-cap{color:#818a91;border:3px solid;background-color:transparent}.elementor-widget-text-editor:not(.elementor-drop-cap-view-default) .elementor-drop-cap{margin-top:8px}.elementor-widget-text-editor:not(.elementor-drop-cap-view-default) .elementor-drop-cap-letter{width:1em;height:1em}.elementor-widget-text-editor .elementor-drop-cap{float:left;text-align:center;line-height:1;font-size:50px}.elementor-widget-text-editor .elementor-drop-cap-letter{display:inline-block}<\/style>\t\t\t\t<p><span style=\"color: #000000;\">A FUNCABES observa o princ\u00edpio da liberdade sindical, inclusive quanto \u00e0 participa\u00e7\u00e3o dos trabalhadores em movimento grevista. <strong>Quaisquer atos antissindicais n\u00e3o ser\u00e3o tolerados pela Funda\u00e7\u00e3o, estando o funcion\u00e1rio que assim proceder sujeito a san\u00e7\u00f5es disciplinares.<\/strong><\/span><\/p><p><span style=\"color: #000000;\">Entende-se como conduta antissindical, entre outros, qualquer pr\u00e1tica que implique viola\u00e7\u00e3o ao exerc\u00edcio pleno da liberdade sindical, coletiva e individual, dos trabalhadores da FUNCABES, e \u00e0 pr\u00f3pria autonomia sindical, seja por meio da imposi\u00e7\u00e3o de obst\u00e1culos \u00e0 atua\u00e7\u00e3o do sindicato profissional ou de conduta que vise \u00e0 desacreditar a entidade profissional perante os trabalhadores, seja por meio de coa\u00e7\u00e3o, ass\u00e9dio moral, dispensa, demiss\u00e3o, puni\u00e7\u00e3o ou colheita de termo de ren\u00fancia \u00e0 assist\u00eancia e \u00e0 filia\u00e7\u00e3o de trabalhadores sindicalizados ou que pretendem se sindicalizar, a fim de impedir e\/ou conturbar a atua\u00e7\u00e3o sindical, inclusive a participa\u00e7\u00e3o em greve. Nesse sentido foi firmado TAC com a Procuradoria do Trabalho no Munic\u00edpio de S\u00e3o Jos\u00e9 dos Campos (link).<\/span><\/p>\t\t\t\t\t\t<\/div>\n\t\t\t\t<\/div>\n\t\t\t\t\t<\/div>\n\t\t<\/div>\n\t\t\t\t<div class=\"elementor-column elementor-col-50 elementor-top-column elementor-element elementor-element-980ba3c\" data-id=\"980ba3c\" data-element_type=\"column\">\n\t\t\t<div class=\"elementor-widget-wrap elementor-element-populated\">\n\t\t\t\t\t\t\t\t<div class=\"elementor-element elementor-element-60c12bc elementor-widget elementor-widget-image\" data-id=\"60c12bc\" data-element_type=\"widget\" data-widget_type=\"image.default\">\n\t\t\t\t<div class=\"elementor-widget-container\">\n\t\t\t<style>\/*! elementor - v3.7.8 - 02-10-2022 *\/\n.elementor-widget-image{text-align:center}.elementor-widget-image a{display:inline-block}.elementor-widget-image a img[src$=\".svg\"]{width:48px}.elementor-widget-image img{vertical-align:middle;display:inline-block}<\/style>\t\t\t\t\t\t\t\t\t\t\t\t\t<a href=\"https:\/\/funcabes.com.br\/convenios\/wp-content\/uploads\/2023\/03\/tac.pdf\">\n\t\t\t\t\t\t\t<img width=\"512\" height=\"512\" src=\"https:\/\/funcabes.com.br\/convenios\/wp-content\/uploads\/2022\/09\/processo-seletivon.png\" class=\"attachment-us_600_600_crop size-us_600_600_crop\" alt=\"\" loading=\"lazy\" srcset=\"https:\/\/funcabes.com.br\/convenios\/wp-content\/uploads\/2022\/09\/processo-seletivon.png 512w, https:\/\/funcabes.com.br\/convenios\/wp-content\/uploads\/2022\/09\/processo-seletivon-300x300.png 300w, https:\/\/funcabes.com.br\/convenios\/wp-content\/uploads\/2022\/09\/processo-seletivon-150x150.png 150w, https:\/\/funcabes.com.br\/convenios\/wp-content\/uploads\/2022\/09\/processo-seletivon-350x350.png 350w\" sizes=\"(max-width: 512px) 100vw, 512px\" \/>\t\t\t\t\t\t\t\t<\/a>\n\t\t\t\t\t\t\t\t\t\t\t\t\t\t\t<\/div>\n\t\t\t\t<\/div>\n\t\t\t\t<div class=\"elementor-element elementor-element-5117983 elementor-widget elementor-widget-heading\" data-id=\"5117983\" data-element_type=\"widget\" data-widget_type=\"heading.default\">\n\t\t\t\t<div class=\"elementor-widget-container\">\n\t\t\t<h2 class=\"elementor-heading-title elementor-size-default\"><a href=\"https:\/\/funcabes.com.br\/convenios\/wp-content\/uploads\/2023\/03\/tac.pdf\">Acesse o documento aqui.<\/a><\/h2>\t\t<\/div>\n\t\t\t\t<\/div>\n\t\t\t\t\t<\/div>\n\t\t<\/div>\n\t\t\t\t\t\t\t<\/div>\n\t\t<\/section>\n\t\t\t\t\t\t\t<\/div>\n\t\t","protected":false},"excerpt":{"rendered":"<p>Liberdade Sindical A FUNCABES observa o princ\u00edpio da liberdade sindical, inclusive quanto \u00e0 participa\u00e7\u00e3o dos trabalhadores em movimento grevista. Quaisquer atos antissindicais n\u00e3o ser\u00e3o tolerados pela Funda\u00e7\u00e3o, estando o funcion\u00e1rio que assim proceder sujeito a san\u00e7\u00f5es disciplinares. Entende-se como conduta antissindical, entre outros, qualquer pr\u00e1tica que implique viola\u00e7\u00e3o ao exerc\u00edcio pleno da liberdade sindical, coletiva&#8230;<\/p>\n","protected":false},"author":3,"featured_media":0,"parent":0,"menu_order":0,"comment_status":"closed","ping_status":"closed","template":"","meta":{"_wpscppro_custom_social_share_image":0,"_facebook_share_type":"","_twitter_share_type":"","_linkedin_share_type":"","_pinterest_share_type":"","_linkedin_share_type_page":"","_instagram_share_type":"","_medium_share_type":"","_threads_share_type":"","_selected_social_profile":[]},"_links":{"self":[{"href":"https:\/\/funcabes.com.br\/convenios\/wp-json\/wp\/v2\/pages\/6686"}],"collection":[{"href":"https:\/\/funcabes.com.br\/convenios\/wp-json\/wp\/v2\/pages"}],"about":[{"href":"https:\/\/funcabes.com.br\/convenios\/wp-json\/wp\/v2\/types\/page"}],"author":[{"embeddable":true,"href":"https:\/\/funcabes.com.br\/convenios\/wp-json\/wp\/v2\/users\/3"}],"replies":[{"embeddable":true,"href":"https:\/\/funcabes.com.br\/convenios\/wp-json\/wp\/v2\/comments?post=6686"}],"version-history":[{"count":10,"href":"https:\/\/funcabes.com.br\/convenios\/wp-json\/wp\/v2\/pages\/6686\/revisions"}],"predecessor-version":[{"id":6711,"href":"https:\/\/funcabes.com.br\/convenios\/wp-json\/wp\/v2\/pages\/6686\/revisions\/6711"}],"wp:attachment":[{"href":"https:\/\/funcabes.com.br\/convenios\/wp-json\/wp\/v2\/media?parent=6686"}],"curies":[{"name":"wp","href":"https:\/\/api.w.org\/{rel}","templated":true}]}}

<div data-elementor-type="wp-page" data-elementor-id="6686" class="elementor elementor-6686">
									<section class="elementor-section elementor-top-section elementor-element elementor-element-0f2e214 elementor-section-stretched elementor-section-boxed elementor-section-height-default elementor-section-height-default" data-id="0f2e214" data-element_type="section" data-settings="{&quot;stretch_section&quot;:&quot;section-stretched&quot;,&quot;background_background&quot;:&quot;classic&quot;}">
							<div class="elementor-background-overlay"></div>
							<div class="elementor-container elementor-column-gap-default">
					<div class="elementor-column elementor-col-100 elementor-top-column elementor-element elementor-element-c8c5afc" data-id="c8c5afc" data-element_type="column">
			<div class="elementor-widget-wrap elementor-element-populated">
								<div class="elementor-element elementor-element-1fdb35b elementor-widget elementor-widget-heading" data-id="1fdb35b" data-element_type="widget" data-widget_type="heading.default">
				<div class="elementor-widget-container">
			<style>/*! elementor - v3.7.8 - 02-10-2022 */
.elementor-heading-title{padding:0;margin:0;line-height:1}.elementor-widget-heading .elementor-heading-title[class*=elementor-size-]>a{color:inherit;font-size:inherit;line-height:inherit}.elementor-widget-heading .elementor-heading-title.elementor-size-small{font-size:15px}.elementor-widget-heading .elementor-heading-title.elementor-size-medium{font-size:19px}.elementor-widget-heading .elementor-heading-title.elementor-size-large{font-size:29px}.elementor-widget-heading .elementor-heading-title.elementor-size-xl{font-size:39px}.elementor-widget-heading .elementor-heading-title.elementor-size-xxl{font-size:59px}</style><h1 class="elementor-heading-title elementor-size-xxl">Liberdade Sindical</h1>		</div>
				</div>
					</div>
		</div>
							</div>
		</section>
				<section class="elementor-section elementor-top-section elementor-element elementor-element-61ff0d6 elementor-section-boxed elementor-section-height-default elementor-section-height-default" data-id="61ff0d6" data-element_type="section">
						<div class="elementor-container elementor-column-gap-default">
					<div class="elementor-column elementor-col-50 elementor-top-column elementor-element elementor-element-8c1bf7e" data-id="8c1bf7e" data-element_type="column">
			<div class="elementor-widget-wrap elementor-element-populated">
								<div class="elementor-element elementor-element-e705300 elementor-widget elementor-widget-text-editor" data-id="e705300" data-element_type="widget" data-widget_type="text-editor.default">
				<div class="elementor-widget-container">
			<style>/*! elementor - v3.7.8 - 02-10-2022 */
.elementor-widget-text-editor.elementor-drop-cap-view-stacked .elementor-drop-cap{background-color:#818a91;color:#fff}.elementor-widget-text-editor.elementor-drop-cap-view-framed .elementor-drop-cap{color:#818a91;border:3px solid;background-color:transparent}.elementor-widget-text-editor:not(.elementor-drop-cap-view-default) .elementor-drop-cap{margin-top:8px}.elementor-widget-text-editor:not(.elementor-drop-cap-view-default) .elementor-drop-cap-letter{width:1em;height:1em}.elementor-widget-text-editor .elementor-drop-cap{float:left;text-align:center;line-height:1;font-size:50px}.elementor-widget-text-editor .elementor-drop-cap-letter{display:inline-block}</style>				<p><span style="color: #000000;">A FUNCABES observa o princípio da liberdade sindical, inclusive quanto à participação dos trabalhadores em movimento grevista. <strong>Quaisquer atos antissindicais não serão tolerados pela Fundação, estando o funcionário que assim proceder sujeito a sanções disciplinares.</strong></span></p><p><span style="color: #000000;">Entende-se como conduta antissindical, entre outros, qualquer prática que implique violação ao exercício pleno da liberdade sindical, coletiva e individual, dos trabalhadores da FUNCABES, e à própria autonomia sindical, seja por meio da imposição de obstáculos à atuação do sindicato profissional ou de conduta que vise à desacreditar a entidade profissional perante os trabalhadores, seja por meio de coação, assédio moral, dispensa, demissão, punição ou colheita de termo de renúncia à assistência e à filiação de trabalhadores sindicalizados ou que pretendem se sindicalizar, a fim de impedir e/ou conturbar a atuação sindical, inclusive a participação em greve. Nesse sentido foi firmado TAC com a Procuradoria do Trabalho no Município de São José dos Campos (link).</span></p>						</div>
				</div>
					</div>
		</div>
				<div class="elementor-column elementor-col-50 elementor-top-column elementor-element elementor-element-980ba3c" data-id="980ba3c" data-element_type="column">
			<div class="elementor-widget-wrap elementor-element-populated">
								<div class="elementor-element elementor-element-60c12bc elementor-widget elementor-widget-image" data-id="60c12bc" data-element_type="widget" data-widget_type="image.default">
				<div class="elementor-widget-container">
			<style>/*! elementor - v3.7.8 - 02-10-2022 */
.elementor-widget-image{text-align:center}.elementor-widget-image a{display:inline-block}.elementor-widget-image a img[src$=".svg"]{width:48px}.elementor-widget-image img{vertical-align:middle;display:inline-block}</style>													<a href="https://funcabes.com.br/convenios/wp-content/uploads/2023/03/tac.pdf">
							<img width="512" height="512" src="https://funcabes.com.br/convenios/wp-content/uploads/2022/09/processo-seletivon.png" class="attachment-us_600_600_crop size-us_600_600_crop" alt="" loading="lazy" srcset="https://funcabes.com.br/convenios/wp-content/uploads/2022/09/processo-seletivon.png 512w, https://funcabes.com.br/convenios/wp-content/uploads/2022/09/processo-seletivon-300x300.png 300w, https://funcabes.com.br/convenios/wp-content/uploads/2022/09/processo-seletivon-150x150.png 150w, https://funcabes.com.br/convenios/wp-content/uploads/2022/09/processo-seletivon-350x350.png 350w" sizes="(max-width: 512px) 100vw, 512px" />								</a>
															</div>
				</div>
				<div class="elementor-element elementor-element-5117983 elementor-widget elementor-widget-heading" data-id="5117983" data-element_type="widget" data-widget_type="heading.default">
				<div class="elementor-widget-container">
			<h2 class="elementor-heading-title elementor-size-default"><a href="https://funcabes.com.br/convenios/wp-content/uploads/2023/03/tac.pdf">Acesse o documento aqui.</a></h2>		</div>
				</div>
					</div>
		</div>
							</div>
		</section>
							</div>

<p>Liberdade Sindical A FUNCABES observa o princípio da liberdade sindical, inclusive quanto à participação dos trabalhadores em movimento grevista. Quaisquer atos antissindicais não serão tolerados pela Fundação, estando o funcionário que assim proceder sujeito a sanções disciplinares. Entende-se como conduta antissindical, entre outros, qualquer prática que implique violação ao exercício pleno da liberdade sindical, coletiva&#8230;</p>
